{"id":86,"date":"2019-08-24T16:27:03","date_gmt":"2019-08-24T14:27:03","guid":{"rendered":"http:\/\/lorciafrrc.cluster020.hosting.ovh.net\/?page_id=86"},"modified":"2019-08-26T20:38:59","modified_gmt":"2019-08-26T18:38:59","slug":"a-propos-de","status":"publish","type":"page","link":"https:\/\/www.lorcia.fr\/index.php\/a-propos-de\/","title":{"rendered":"\u00c0 propos"},"content":{"rendered":"<p>Lorcia est une petite \u00e9cole de danse \u00e0 Willems qui propose des cours de classique aux enfants entre 4 et 12 ans.<\/p>\n<p>Louise et Fr\u00e9d\u00e9rique ont cr\u00e9\u00e9 cette petite \u00e9cole en 2016 pour apporter une nouvelle discipline \u00e0 la ville et continuer \u00e0 vivre leur passion.<\/p>\n<p>Les cours se d\u00e9roulent Salle Jean-Clermont et chaque ann\u00e9e se termine par spectacle longuement travaill\u00e9 par les \u00e9l\u00e8ves et repr\u00e9sent\u00e9 dans la jolie salle des f\u00eates du p\u00f4le ECLAT de Willems.<\/p>\n<p>Bien que modeste, l&rsquo;\u00e9cole de danse Lorcia se veut repr\u00e9senter les vraies valeurs de la danse dans sa rigueur, sa discipline mais \u00e9galement dans le plaisir de s&rsquo;exprimer \u00e0 travers cet art.<\/p>\n<p>Notre valeur ajout\u00e9e? Nous sommes deux passionn\u00e9es de danse pour un nombre limit\u00e9 d&rsquo;\u00e9l\u00e8ves. Nous assurons ainsi la partie administrative et organisationnelle de&nbsp; l&rsquo;\u00e9cole tout en gardant tout le temps n\u00e9cessaire pour encadrer les cours et pr\u00e9parer le spectacle.<\/p>\n","protected":false},"excerpt":{"rendered":"<p>Lorcia est une petite \u00e9cole de danse \u00e0 Willems qui propose des cours de classique aux enfants entre 4 et 12 ans. Louise et Fr\u00e9d\u00e9rique ont cr\u00e9\u00e9 cette petite \u00e9cole en 2016 pour apporter une nouvelle discipline \u00e0 la ville et continuer \u00e0 vivre leur passion. Les cours se d\u00e9roulent Salle Jean-Clermont et chaque ann\u00e9e<a class=\"moretag\" href=\"https:\/\/www.lorcia.fr\/index.php\/a-propos-de\/\">Read more<\/a><\/p>\n","protected":false},"author":1,"featured_media":0,"parent":0,"menu_order":0,"comment_status":"closed","ping_status":"closed","template":"","meta":{"footnotes":""},"class_list":["post-86","page","type-page","status-publish","hentry"],"_links":{"self":[{"href":"https:\/\/www.lorcia.fr\/index.php\/wp-json\/wp\/v2\/pages\/86","targetHints":{"allow":["GET"]}}],"collection":[{"href":"https:\/\/www.lorcia.fr\/index.php\/wp-json\/wp\/v2\/pages"}],"about":[{"href":"https:\/\/www.lorcia.fr\/index.php\/wp-json\/wp\/v2\/types\/page"}],"author":[{"embeddable":true,"href":"https:\/\/www.lorcia.fr\/index.php\/wp-json\/wp\/v2\/users\/1"}],"replies":[{"embeddable":true,"href":"https:\/\/www.lorcia.fr\/index.php\/wp-json\/wp\/v2\/comments?post=86"}],"version-history":[{"count":5,"href":"https:\/\/www.lorcia.fr\/index.php\/wp-json\/wp\/v2\/pages\/86\/revisions"}],"predecessor-version":[{"id":362,"href":"https:\/\/www.lorcia.fr\/index.php\/wp-json\/wp\/v2\/pages\/86\/revisions\/362"}],"wp:attachment":[{"href":"https:\/\/www.lorcia.fr\/index.php\/wp-json\/wp\/v2\/media?parent=86"}],"curies":[{"name":"wp","href":"https:\/\/api.w.org\/{rel}","templated":true}]}}