{"id":143,"date":"2019-08-24T17:45:26","date_gmt":"2019-08-24T15:45:26","guid":{"rendered":"http:\/\/lorciafrrc.cluster020.hosting.ovh.net\/?page_id=143"},"modified":"2023-09-25T14:04:18","modified_gmt":"2023-09-25T12:04:18","slug":"telecharger-les-formulaires-dinscription","status":"publish","type":"page","link":"https:\/\/www.lorcia.fr\/index.php\/telecharger-les-formulaires-dinscription\/","title":{"rendered":"Comment inscrire mon enfant ?"},"content":{"rendered":"\n<p><\/p>\n\n\n\n<p class=\"has-luminous-vivid-amber-background-color has-background has-medium-font-size\"><span style=\"text-decoration: underline;\"><strong>Inscription en ligne :<\/strong><\/span><span style=\"text-decoration: underline;\"><\/span><\/p>\n\n\n\n<p>L&rsquo;inscription se fait d\u00e9sormais via le formulaire d&rsquo;inscription en ligne <a rel=\"noreferrer noopener\" href=\"https:\/\/www.lorcia.fr\/index.php\/inscription-en-ligne\/\" target=\"_blank\">ICI<\/a>. <\/p>\n\n\n\n<p>Vous trouverez le r\u00e8glement de l&rsquo;\u00e9cole <a href=\"https:\/\/www.lorcia.fr\/index.php\/reglement-de-lecole-de-danse-lorcia\/\">ICI<\/a>. Merci de le lire attentivement. <\/p>\n\n\n\n<p>Celui-ci sera envoy\u00e9 par mail au bureau d&rsquo;inscription de l&rsquo;\u00e9cole et vous en recevrez une copie. Il ne vous restera plus qu&rsquo;\u00e0 apporter votre r\u00e8glement et un certificat m\u00e9dical lors du premier cours de danse. <\/p>\n\n\n\n<p><\/p>\n\n\n\n<p class=\"has-luminous-vivid-amber-background-color has-background has-medium-font-size\"><span style=\"text-decoration: underline;\"><strong>Pr\u00e9-inscription: <\/strong><\/span><\/p>\n\n\n\n<p>Par sms au 06 27 85 55 60 ou par e-mail via le  formulaire de contact : merci de pr\u00e9ciser nom, pr\u00e9nom, \u00e2ge et cours  souhait\u00e9(s). <\/p>\n\n\n\n<p><\/p>\n\n\n\n<p><\/p>\n\n\n\n<p>   <\/p>\n","protected":false},"excerpt":{"rendered":"<p>Inscription en ligne : L&rsquo;inscription se fait d\u00e9sormais via le formulaire d&rsquo;inscription en ligne ICI. Vous trouverez le r\u00e8glement de l&rsquo;\u00e9cole ICI. Merci de le lire attentivement. Celui-ci sera envoy\u00e9 par mail au bureau d&rsquo;inscription de l&rsquo;\u00e9cole et vous en recevrez une copie. Il ne vous restera plus qu&rsquo;\u00e0 apporter votre r\u00e8glement et un certificat<a class=\"moretag\" href=\"https:\/\/www.lorcia.fr\/index.php\/telecharger-les-formulaires-dinscription\/\">Read more<\/a><\/p>\n","protected":false},"author":1,"featured_media":0,"parent":0,"menu_order":0,"comment_status":"closed","ping_status":"closed","template":"","meta":{"footnotes":""},"class_list":["post-143","page","type-page","status-publish","hentry"],"_links":{"self":[{"href":"https:\/\/www.lorcia.fr\/index.php\/wp-json\/wp\/v2\/pages\/143","targetHints":{"allow":["GET"]}}],"collection":[{"href":"https:\/\/www.lorcia.fr\/index.php\/wp-json\/wp\/v2\/pages"}],"about":[{"href":"https:\/\/www.lorcia.fr\/index.php\/wp-json\/wp\/v2\/types\/page"}],"author":[{"embeddable":true,"href":"https:\/\/www.lorcia.fr\/index.php\/wp-json\/wp\/v2\/users\/1"}],"replies":[{"embeddable":true,"href":"https:\/\/www.lorcia.fr\/index.php\/wp-json\/wp\/v2\/comments?post=143"}],"version-history":[{"count":19,"href":"https:\/\/www.lorcia.fr\/index.php\/wp-json\/wp\/v2\/pages\/143\/revisions"}],"predecessor-version":[{"id":675,"href":"https:\/\/www.lorcia.fr\/index.php\/wp-json\/wp\/v2\/pages\/143\/revisions\/675"}],"wp:attachment":[{"href":"https:\/\/www.lorcia.fr\/index.php\/wp-json\/wp\/v2\/media?parent=143"}],"curies":[{"name":"wp","href":"https:\/\/api.w.org\/{rel}","templated":true}]}}